ime factors of 23087816?
2, 2885977
List the prime factors of 714265.
5, 23, 6211
What are the prime factors of 16777587?
3, 2137, 2617
What are the prime factors of 79915?
5, 11, 1453
What are the prime factors of 2343500?
2, 5, 43, 109
List the prime factors of 995489.
11, 90499
What are the prime factors of 2684878?
2, 7, 17, 29, 389
What are the prime factors of 11732411?
11732411
List the prime factors of 309760.
2, 5, 11
What are the prime factors of 1615476?
2, 3, 17, 7919
What are the prime factors of 6404988?
2, 3, 17, 31397
What are the prime factors of 246667?
31, 73, 109
List the prime factors of 60412.
2, 11, 1373
List the prime factors of 80320.
2, 5, 251
What are the prime factors of 3334371?
3, 1111457
List the prime factors of 14808123.
3, 11, 73, 683
List the prime factors of 1519793.
11, 138163
List the prime factors of 204332.
2, 23, 2221
List the prime factors of 10213019.
101, 101119
List the prime factors of 1667725.
5, 19, 3511
List the prime factors of 1085635.
5, 179, 1213
What are the prime factors of 477607?
13, 36739
List the prime factors of 14830790.
2, 5, 13, 114083
What are the prime factors of 219878?
2, 17, 29, 223
What are the prime factors of 1894628?
2, 29, 16333
List the prime factors of 1077744.
2, 3, 22453
What are the prime factors of 109067?
7, 15581
What are the prime factors of 1900115?
5, 7, 233
List the prime factors of 396640.
2, 5, 37, 67
What are the prime factors of 4583860?
2, 5, 419, 547
List the prime factors of 895596.
2, 3, 13, 5741
What are the prime factors of 376516?
2, 7, 17, 113
List the prime factors of 338933.
7, 6917
List the prime factors of 275077.
11, 17, 1471
List the prime factors of 417590.
2, 5, 41759
What are the prime factors of 8018240?
2, 5, 25057
List the prime factors of 5224038.
2, 3, 71, 12263
List the prime factors of 1198347.
3, 17, 23497
What are the prime factors of 233150?
2, 5, 4663
What are the prime factors of 216199?
149, 1451
What are the prime factors of 2429897?
643, 3779
List the prime factors of 1803109.
7, 11, 23417
What are the prime factors of 1060762?
2, 29, 18289
What are the prime factors of 1251561?
3, 417187
What are the prime factors of 829339?
7, 257, 461
List the prime factors of 4257868.
2, 1064467
What are the prime factors of 22582435?
5, 23, 131, 1499
List the prime factors of 236959.
29, 8171
What are the prime factors of 4367731?
173, 25247
What are the prime factors of 31977?
3, 11, 17, 19
List the prime factors of 10682252.
2, 7, 381509
What are the prime factors of 1164171?
3, 388057
List the prime factors of 5959752.
2, 3, 248323
What are the prime factors of 800914?
2, 400457
List the prime factors of 190193.
89, 2137
List the prime factors of 1377763.
43, 179
List the prime factors of 6827034.
2, 3, 911, 1249
List the prime factors of 15127768.
2, 769, 2459
List the prime factors of 2790059.
37, 75407
What are the prime factors of 2750770?
2, 5, 11, 17, 1471
List the prime factors of 3702417.
3, 211, 5849
What are the prime factors of 2482726?
2, 487, 2549
List the prime factors of 2381386.
2, 7, 170099
List the prime factors of 21194093.
21194093
What are the prime factors of 9002716?
2, 2250679
List the prime factors of 9401685.
3, 5, 173, 3623
List the prime factors of 484889.
61, 7949
List the prime factors of 779338.
2, 7, 55667
List the prime factors of 3747264.
2, 3, 29, 673
What are the prime factors of 18392915?
5, 3678583
What are the prime factors of 75820?
2, 5, 17, 223
List the prime factors of 9985813.
31, 83, 3881
List the prime factors of 1074109.
1074109
What are the prime factors of 552805?
5, 11, 19, 23
List the prime factors of 8015361.
3, 2671787
List the prime factors of 480496.
2, 59, 509
What are the prime factors of 144833?
13, 857
What are the prime factors of 29841754?
2, 29, 514513
What are the prime factors of 253174?
2, 103, 1229
What are the prime factors of 1810389?
3, 7, 86209
List the prime factors of 914332.
2, 179, 1277
What are the prime factors of 364031?
364031
List the prime factors of 359186.
2, 179593
What are the prime factors of 2906612?
2, 29, 25057
What are the prime factors of 97101?
3, 10789
What are the prime factors of 8459853?
3, 2819951
What are the prime factors of 1121805?
3, 5, 97, 257
List the prime factors of 1802203.
13, 157, 883
What are the prime factors of 238480?
2, 5, 11, 271
List the prime factors of 2760411.
3, 920137
What are the prime factors of 1299242?
2, 7, 17, 53, 103
What are the prime factors of 1847726?
2, 67, 13789
List the prime factors of 235818.
2, 3, 11, 397
What are the prime factors of 41920?
2, 5, 131
List the prime factors of 545441.
13, 41957
List the prime factors of 5111057.
7, 19, 83, 463
What are the prime factors of 1626602?
2, 813301
What are the prime factors of 33369797?
173, 192889
List the prime factors of 10454113.
10454113
List the prime factors of 4397210.
2, 5, 67, 6563
List the prime factors of 1050718.
2, 525359
What are the prime factors of 32600317?
239, 136403
List the prime factors of 6530632.
2, 816329
List the prime factors of 3371615.
5, 13, 51871
List the prime factors of 13351356.
2, 3, 370871
List the prime factors of 3424781.
3424781
List the prime factors of 697485.
3, 5, 46499
List the prime factors of 68534.
2, 34267
List the prime factors of 131052.
2, 3, 67, 163
What are the prime factors of 2072511?
3, 7, 67, 491
List the prime factors of 955813.
955813
List the prime factors of 4610423.
2089, 2207
List the prime factors of 3653204.
2, 103, 8867
What are the prime factors of 392380?
2, 5, 23, 853
List the prime factors of 200579.
200579
What are the prime factors of 170571?
3, 56857
List the prime factors of 326082.
2, 3, 54347
List the prime factors of 11974051.
37, 323623
List the prime factors of 279693.
3, 1151
List the prime factors of 245773.
11, 22343
List the prime factors of 208853.
73, 2861
List the prime factors of 2189025.
3, 5, 23, 47
What are the prime factors of 14790373?
13, 87517
What are the prime factors of 1164061?
719, 1619
List the prime factors of 234725.
5, 41, 229
List the prime factors of 215901.
3, 7, 23, 149
List the prime factors of 1510700.
2, 5, 15107
List the prime factors of 867852.
2, 3, 24107
List the prime factors of 10626724.
2, 2656681
What are the prime factors of 937976?
2, 13, 29, 311
What are the prime factors of 226262?
2, 113131
What are the prime factors of 489637?
659, 743
What are the prime factors of 2902908?
2, 3, 47, 5147
What are the prime factors of 1237119?
3, 13, 31721
List the prime factors of 1186171.
7, 41, 4133
What are the prime factors of 29102?
2, 14551
List the prime factors of 396422.
2, 13, 79, 193
List the prime factors of 2513678.
2, 787, 1597
What are the prime factors of 448971?
3, 109, 1373
What are the prime factors of 890702?
2, 43, 10357
What are the prime factors of 423784?
2, 52973
What are the prime factors of 73081?
107, 683
What are the prime factors of 2668308?
2, 3, 229, 971
List the prime factors of 150098.
2, 13, 23, 251
List the prime factors of 411227.
53, 7759
List the prime factors of 193139.
193139
List the prime factors of 15101587.
37, 61, 6691
What are the prime factors of 199421?
47, 4243
List the prime factors of 11080915.
5, 83, 26701
List the prime factors of 2463262.
2, 1231631
What are the prime factors of 2461417?
7, 191, 263
List the prime factors of 3107245.
5, 73, 8513
List the prime factors of 564173.
564173
List the prime factors of 1382082.
2, 3, 13, 29, 47
List the prime factors of 745130.
2, 5, 269, 277
List the prime factors of 11288571.
3, 7, 41, 1873
What are the prime factors of 115635?
3, 5, 13, 593
List the prime factors of 43129.
17, 43, 59
What are the prime factors of 11606383?
11606383
List the prime factors of 13808005.
5, 593, 4657
What are the prime factors of 3917026?
2, 1958513
What are the prime factors of 94608?
2, 3, 73
List the prime factors of 8926257.
3, 19, 156601
List the prime factors of 374566.
2, 19, 9857
List the prime factors of 3835234.
2, 13, 17, 8677
What are the prime factors of 770517?
3, 11, 43, 181
What are the prime factors of 410761?
13, 19, 1663
What are the prime factors of 3191431?
149, 21419
What are the prime factors of 10494448?
2, 59, 11117
List the prime factors o